 Suppose -d*v = -5*w - 3*v + 518, 3*v + 412 = 4*w. What is the units digit of w?
6
Suppose 7*b - 1500 = 614. Suppose -4*w = -3*x - 381, 3*w - 3*x + 14 - b = 0. What is the tens digit of w?
9
Suppose -20*p = -107 - 13. Let a(q) = 47*q + 74. What is the tens digit of a(p)?
5
Let c(l) = -27 - l + l**2 - 8*l + 29. Let t be c(6). What is the hundreds digit of (6/t*-4 + -2)*-230?
1
Suppose -4*b = 4*g - 4, b + 3 = -0*b. Suppose 3*t + 3*m - 12 = 6*t, 0 = g*m - 12. What is the tens digit of (2/t)/(8/(-100))?
2
Suppose -4*j + 2*s = -12, 0 + 12 = 4*j + 5*s. Suppose -2*v + 3*x = -277, -x = -j*x + 2. What is the tens digit of v?
4
Suppose -3412658 - 141817 = -359*m + 3970165. What is the ten thousands digit of m?
2
Let l(h) = 2*h**2 - 15*h + 8. Let q be l(7). Let k be (21/q)/(6/42). Let d = k - 39. What is the hundreds digit of d?
1
Let n(z) = 25*z**2 - 20*z + 96. What is the units digit of n(13)?
1
Let z be 2/(-7) + 58*(-43)/(-7). Let u = 382 - z. What is the units digit of u?
6
Let v be 349 - (0 - (-1 - 2)). Let q be -4*6*(-4)/12. What is the tens digit of (-4 + 16/2)*v/q?
7
Suppose 209 = 6*z - 2611. Suppose -t - t + 2*r = -482, -2*t - r + z = 0. What is the units digit of t?
7
Let v = -16038 + 56610. What is the ten thousands digit of v?
4
Let w be (-4)/((4 - 5)*1). Suppose -1723 = -w*f - 551. What is the units digit of f?
3
Let y be 1*(52/10 - 8/40). Suppose 11 = -2*f - 5*x, -3 = -f + x - y. What is the units digit of -1*4*(-3)/f*-29?
6
Let g(r) = 19*r - 16. Let h be g(1). Suppose -4*f = h*t - 1376, 919 = 2*t + f + 2*f. What is the hundreds digit of t?
4
Let x = 57 + -52. Let u be -1 + -44 + x + -1. Let j = u - -65. What is the tens digit of j?
2
Let m = -431 - -1661. Let u = m + -665. What is the units digit of u?
5
Suppose 3851669 - 2528207 = -670*x + 22133662. What is the hundreds digit of x?
0
Let k = -35510 - -36469. What is the hundreds digit of k?
9
Let f(h) = 122*h - 12. Let a be f(5). Suppose -176 = -2*c + a. Suppose -3*m + c = -n, 0*m + 5*n = -5*m + 625. What is the units digit of m?
8
Let c(v) = -v**2 + 2*v - 3. Let h be c(3). Let u(i) = i**3 + 7*i**2 + 5*i - 3. Let j be u(h). Suppose 444 = -j*d + 5*d. What is the tens digit of d?
2
What is the hundreds digit of ((-16845)/(-25))/(7/15)*7?
1
Suppose 0 = -3*m - 2*k + 3, -2*m - 1 = 5*k - 3. Suppose -2*g + 4*v = -m - 15, -v + 5 = 0. Suppose -21*t + g*t = -432. What is the hundreds digit of t?
1
Let h(q) = -3*q**3 - 37*q**2 - 122*q - 27. What is the ten thousands digit of h(-26)?
3
Let k be -10 + 5 + -1 - (-6 - -6). What is the hundreds digit of 2/(-6) + (-2192)/k?
3
Suppose -19700*y = -19649*y - 3160623. What is the hundreds digit of y?
9
Let o = -222 + 445. Let u = 2271 - 2159. Let a = o - u. What is the hundreds digit of a?
1
Suppose 3563*m - 3544*m = 820971. What is the tens digit of m?
0
Suppose 3*q - i - 13 = -5*i, 3*q = -i + 10. Suppose 5*t + 971 = q*n, 6*t = 3*n + 2*t - 967. What is the units digit of n?
7
Suppose 0 = 2*g - 270 + 1098. Let l = g + 887. Suppose -l = -5*z - 83. What is the units digit of z?
8
Suppose -170*q = -167*q - 4*m - 51915, 3*m = 18. What is the units digit of q?
3
Suppose 3*h + 32*f = 30*f + 13152, 3*h - 13146 = -f. What is the units digit of h?
0
What is the thousands digit of -2 + (51484/10 - 14/35)?
5
Let t be -4 + 3/(-6)*2*149. Let g = t + 172. What is the tens digit of g?
1
Let w = 33 - 28. Suppose z + 10 = 2*t, z - w*t = -25 - 0. Let b = 26 - z. What is the units digit of b?
6
Let r be ((-10)/(-5))/((-2)/(-4)) + 0. Suppose -218 = -3*z - r*p, -4*z + z - 5*p = -217. Let v = z + -13. What is the tens digit of v?
6
Let z(d) = -2*d - 27. Let x be z(-6). What is the units digit of x + 12 + 276/1?
3
Let i(t) = -3*t**3 - 8*t**2 - 4*t - 13. Let w be i(-3). Suppose 2*u = 4*m - 5088, 3*m = 6*u - w*u + 3809. What is the hundreds digit of m?
2
Suppose 5*f + 5*h = 8*h + 19, 5*h - 15 = -f. Suppose -15*l + 2819 = -10*l + 3*a, f*l - 2835 = 5*a. What is the tens digit of l?
6
Let w(h) = -4*h**3 - 6*h**2 - 2*h - 4. Let m be w(-5). Suppose -4*b + y + 139 + 217 = 0, 4*b - 5*y = m. What is the tens digit of b?
8
Let y(h) = -30*h - 24. Let j be y(-7). What is the hundreds digit of j + -6 + 9 + -3?
1
Let i = -9 + 12. Suppose -3*q = -i*k + 810, 3*k = -4*q + 354 + 428. What is the tens digit of k?
6
Suppose -2*l - 12 = 0, -21*u - 12198 = -22*u - 5*l. What is the hundreds digit of u?
2
Suppose 2*s + 2*a - 25275 = 67, 0 = 5*s + 2*a - 63358. What is the hundreds digit of s?
6
Let q = 1050 - -128. Suppose 5*a - 3*a = q. What is the units digit of a?
9
Let u = 12957 + 1009. What is the ten thousands digit of u?
1
Let o = 1728 - 1722. Let k(n) = n**2 + n + 4. Let c be k(0). Suppose -f + o*f = 2*s - 259, 377 = 3*s + c*f. What is the units digit of s?
7
Let v(m) = 5*m**2 - 34*m + 3. Let h be v(7). Let n(q) = 12*q - 19. What is the hundreds digit of n(h)?
1
Suppose 4*o + 18 = -2*v, 0*v - 4*v = -3*o + 3. Let x = -1785 - -1789. What is the tens digit of (18 - v) + x + -4?
2
Let h(a) = 9*a**3 + 31*a**2 - 164*a + 3246. What is the ten thousands digit of h(21)?
9
Let t(h) = 211*h + 1547. What is the thousands digit of t(53)?
2
Let d be (24/20)/(-3) - (-2065)/(-25). Let i = d - -233. What is the hundreds digit of i?
1
Let b(i) = 477*i - 1286. What is the hundreds digit of b(5)?
0
Suppose f - 5784 = -3*h + h, 0 = 3*f + 4*h - 17362. Suppose f = 16*u - 3758. What is the tens digit of u?
9
Let z(j) be the first derivative of -25*j**2 - 55*j - 47. What is the tens digit of z(-6)?
4
Let f(o) = 563*o**2 + 321*o + 2974. What is the hundreds digit of f(-9)?
6
Let s be (22522 - -1) + 4 + 3. What is the tens digit of s/40 - (-9)/12?
6
What is the units digit of (-31735)/(-3) + 104/(-312)?
8
Let s be (51 - -4)*(9 + 47/(-5)). Let z = 59 + -25. Let x = s + z. What is the tens digit of x?
1
Let a be 4/((-8)/(-2))*5*-3. What is the units digit of a/10*2 + 343 - 1?
9
Suppose 40 = 26*q - 6*q. Suppose 3*n + 2*c = 482, -q*c = -0*c + 10. What is the hundreds digit of n?
1
Let h = 743 + -1501. Let q = h - -1486. What is the hundreds digit of q?
7
Suppose -68*p = -69*p - 498. Let z = p + 544. What is the tens digit of z?
4
Let x(w) = 2078*w - 99. What is the thousands digit of x(3)?
6
Let o = 456 - 452. Suppose -o*f = -3*r + 6069, 3*r + f = -3*f + 6045. What is the units digit of r?
9
Let x(k) = -4*k - 7*k**2 + 8*k**2 - 5*k + 9 - 2*k. Suppose 5*o - 17 - 43 = 0. What is the tens digit of x(o)?
2
Suppose 20*b + 28416 = 36*b. Suppose -4*i - 3*s + b = 0, 4*s + 85 = i - 359. What is the units digit of i?
4
Let q = 31667 + -28972. What is the thousands digit of q?
2
Let f(a) be the first derivative of -a**4/2 + 4*a**3/3 + 3*a + 1. Suppose -2*y - 2*w - 4 = 2*y, 0 = y - 4*w + 19. What is the units digit of f(y)?
3
Suppose 28304 - 3919 = 5*c + 5*s, 2*s + 24364 = 5*c. What is the hundreds digit of c?
8
Suppose v - 5684 = 6*p, 24*v + 3*p = 20*v + 22871. What is the thousands digit of v?
5
Suppose 15*g + 18*g = 21*g + 329880. What is the tens digit of g?
9
What is the tens digit of ((-40)/90 - (-398798)/18)*20/30?
7
Suppose 89*y - 264*y + 756873 = -604277. What is the hundreds digit of y?
7
What is the hundreds digit of 2*(11 + 3051 - (1 - 3/1))?
1
Suppose c = -5*k + 108302, -12 = 19*c - 15*c. What is the tens digit of k?
6
Let z = 14494 - -14840. What is the thousands digit of z?
9
Suppose 3*d + 4*a = 18021, -6927 = -4*d + 4*a + 17073. What is the units digit of d?
3
Suppose -8*m = -3*m. What is the units digit of (14910/7)/2 + m?
5
Suppose -105*j = -104*j - 13. Suppose 8*o = j*o - 1640. What is the tens digit of o?
2
Suppose 0 = -2*i - 423*v + 420*v + 11614, 17424 = 3*i + 5*v. What is the hundreds digit of i?
7
Let y = -33339 - -59282. What is the tens digit of y?
4
Let h(m) = 2*m**2 + 2*m + 2. Let b be h(-2). Let w = -462 + 786. Suppose b*j - 12 = w. What is the tens digit of j?
5
Let u(p) = 19*p + 63. Let o = 109 - 75. What is the units digit of u(o)?
9
Suppose 14*d + 159 = 67*d. Suppose d*c = 4*u + 2152, 0 = 4*c + 11*u - 9*u - 2862. What is the units digit of c?
6
Suppose 0 = 5*m - 14 - 6. Suppose m*h - 443 = -47. Suppose 0 = -3*u - 0*u + h. What is the units digit of u?
3
Suppose -4*g - 123*f + 154352 = -124*f, -f + 38588 = g. What is the tens digit of g?
8
Let f(d) = 9*d**3 + 21*d**2 + 11*d - 16. Let z(g) = -7*g**3 - 21*g*